2 - 11) + 4) - -9.
-87
What is the value of (63 - (60 + -13)) + -79?
-63
What is the value of (33 + -7 - -107) + -11?
122
What is the value of -14 - (42 - 61 - (47 - (-7 + 10)))?
49
(0 + (10 - 7) - -3) + -24 + -19
-37
Calculate -1 + -6 - (-45 + 33) - (-6 + -7).
18
What is the value of -23031 + 23000 - (1 + -1 + 0 + 2)?
-33
What is the value of (1 - (16 - (10 + -2))) + (1 - 1)?
-7
Evaluate 14 + (-5 - 12 - (43 - 58)).
12
Calculate (6 + 1 - 1 - -34) + -6 + 3.
37
(2 - 84) + (-5 - (10 + 15 + (20 - 41)))
-91
3 + 15 - 14 - -125 - (70 + -72)
131
Evaluate 30 + -125 + (17 - (-8 + 2)).
-72
Evaluate -19 - (23 - (85 - 5) - -13).
25
What is the value of (56 + 4 - -7) + (20 - (-15 - -36))?
66
Evaluate (4216 - 4219) + (4 - (-2 + 1)).
2
Evaluate (34 - (-5 - -20)) + -34 + -20.
-35
4 - (-9 + 21 + (29 - 9 - 10))
-18
What is -5185 + 5117 + 2 + (4 - (1 + -2)) + 11?
-50
What is 4 + -5 - (26 - (27 - 8)) - (0 - -6)?
-14
Evaluate -79 - (46 - (-38 + 88)).
-75
What is -97 + -60 + 68 - -86?
-3
What is 1 + 2 + (-2 - (5 + -4)) - (-323 - -326)?
-3
1462 - 1387 - (35 - 1)
41
Evaluate (0 - 31) + (-1 + 0 - -2) + (-31 - -30).
-31
(8 - (7 - (4 - 4))) + (18 - (27 + 32))
-40
Calculate ((-9 - 18) + 30 - -8) + -73.
-62
What is -153 + (29 - (-34 - -20 - -17))?
-127
What is the value of 3 + (-95 + 80 - (-1 - -1)) - (-128 + 0)?
116
Evaluate 36 + -36 + 20 + 4 + -22 - -11.
13
What is the value of -11 - ((-8 - 1) + -12 + 14 - 20)?
16
What is 60 + -111 - (37 - 106)?
18
Evaluate -21 - -30 - (20 + -4) - (3 - (7 - -26)).
23
What is the value of -83 + 14 + (7 - (10 + -3 + -5)) + -9?
-73
What is the value of -63 - (-23 - 4) - -30 - 12?
-18
-56 + 42 - ((0 - -7) + 7 + -4)
-24
What is -1 + 2 + -1 + 2 + 8 - 2 - -2?
10
Calculate (-100 - (-110 - 3)) + -97.
-84
What is the value of -7 - -5 - -1 - (-3 - ((-4 - 6) + 49))?
41
What is 8 + (-5 - -3) - (-14 + -8 + 12 + 15)?
1
What is -9 - (-24 + 3) - 1 - 19?
-8
Evaluate (-80 - -47) + 17 + -3 + -17 - (-2 - -14).
-48
Evaluate 26 - (36 + -9) - (8 - (56 - 4) - -8).
35
What is -17 + 21 - (-38 + 59)?
-17
133 + -1 - (-77 + 320 + -233)
122
What is the value of (8 + -72 - -1) + (19 - 43 - -14)?
-73
45 + (3 + -18 - (63 + -74))
41
Calculate 24 - (46 + -18 - (-5 - -23)).
14
Evaluate -162 - (-101 - -43 - (-27 + -4)).
-135
What is the value of (-28 - 0) + 145 + -139 + 48?
26
(-63 - 1) + (-10 + 8 - -2) + 10
-54
-1 + 17 + 245 + -188 - (-4 + -4)
81
8 - (49 + (-99 - -42))
16
Calculate 8 + -8 - (32 + -15 + 13).
-30
What is 9 + -10 - (-3 - (-1 - 7) - (-219 + 213))?
-12
What is the value of (0 - 1) + (10 - (59 + -16))?
-34
Evaluate 23 - (22 + (14 - 28) - (1 - 0)).
16
What is the value of 38 + -8 + -20 + 1 + -11 + 26?
26
What is the value of -9 - -1 - (-802 + 801) - (23 + 0)?
-30
48 - ((24 - 2) + -12)
38
Evaluate (0 + -16 + 13 + 14 - 71) + 17.
-43
40 + (60 - 29 - (27 + -27))
71
What is -2723 - -2647 - (4 + 48)?
-128
Calculate (-1 - -3) + (1 - 3) - (9889 + -9852).
-37
What is 109 + -169 + (3 + 0 - (-6 - (-5 + 3)))?
-53
What is -93 - -60 - (5 + -83)?
45
What is 3 + -1 + -25 - (-413 + 443)?
-53
Calculate -7 + -1 - (1210 + -1234).
16
-4 + (12 - -80) + -165
-77
Evaluate 85 + (-216 - -247 - (44 - -1)).
71
Calculate -1 + 31 - 1 - ((-29 - -50) + -30 - -4).
34
What is the value of (-24 - 1) + (141 - 73) + -16?
27
What is the value of -8 + 36 + 66 + 36 + -31?
99
Calculate (0 - 2 - (10 + -41 - (7 + -29))) + -65.
-58
What is (13 - 2) + (-42 - -5 - 0) - -9?
-17
What is 14 + (11 - (-76 + (15 - (5 - -35 - 14))))?
112
-90 - (-1 - 14 - (-311 + 322) - -19)
-83
Calculate -42 - -19 - (53 + -38).
-38
What is 79 - (-7 - (4 + -10 + 11 - 9))?
82
What is the value of -10 - (4 - ((38 - -14) + -2 + 1) - 1)?
38
What is the value of 1346 + -1389 + (0 - (-4 + 3)) + -18?
-60
What is the value of 45 + -8 + -107 + 46 - -110?
86
What is -98 - -35 - (-14 - -13 - (-1 - -5))?
-58
Evaluate (-3 - (12 + 2 + -7)) + -37.
-47
Calculate -6 + (-9 - ((-13 - -22 - -4) + -37)) + -10.
-1
Evaluate 36 + (-22 - (34 + -12)).
-8
What is the value of 22 + -71 + 143 - 87?
7
(1 - 2) + (-64 + 5 - -69)
9
Calculate (-29 - ((27 - 16) + -31)) + 53.
44
-28 + -33 + (38 - 9 - 17)
-49
45 - -6 - (18 - (44 + -24) - -23)
30
What is -9 + -44 + 47 + -9?
-15
Evaluate 3 - (-17 + -2) - (-122 - -273 - 233).
104
What is (69 - (115 - 25)) + -46 + (10 - 5)?
-62
-2 + 1 + -78 + (41 - -32)
-6
What is the value of (238 - 198) + (-37 - 1)?
2
Evaluate 11 + -26 + -10 + (81 - 20).
36
(59 - 41 - -49) + 5 + (-9 - 3)
60
Evaluate (-37 - (-91 - -26)) + -4 - -57.
81
Evaluate -9 + -15 + -5 + (-5 - -2).
-32
-4 + -5 - -28 - (4 - -132)
-117
What is the value of (32 - 75) + 66 + (45 - 3)?
65
Evaluate -17 + (-5 - -2) + 11 + 2 + 1 - 33.
-39
What is 122 + -111 + -42 + 2 + 37?
8
3 - (-31 - (-19 - 2) - (46 + -4))
55
Calculate -6 - ((82 - 1) + (25 - (31 - 24 - -26))).
-79
What is the value of -20 + (-20 - -6) + 51?
17
What is the value of -1 - 33 - (57 + -45 + -3)?
-43
Evaluate -51 + (135 - -158 - 127).
115
What is -15 - (-24 + 4 - -38 - 67)?
34
What is the value of -24 - (-28 + 20 + -9) - (-18 + 1 - 0)?
10
Calculate -445 - (-1018 + 487) - ((1 - 3) + 1 + 4).
83
What is the value of -9 - -1 - (3809 + -3784)?
-33
Calculate -15 - (-118 - (5 + (40 - 11))).
137
Calculate -83 + 98 - (-27 + 12 - -5).
25
Evaluate 13 - 15 - (-44 - (-11 - 5)).
26
What is the value of -6 + -8 + 4 - (0 - 4 - (1 + -15))?
-20
-8 - 1 - 1 - 1 - (-149 - -117)
21
-14 + -62 - (-1 + 2 + -48 + (58 - 11))
-76
What is the value of 95 + 43 + -63 - -52?
127
What is the value of 2139 - 2101 - (-5 - 70)?
113
What is the value of -18 + (-97 - -4) + (-55 - (-11 - 30))?
-125
-55 - (562 + -545 + (-8 - (3 - -1)))
-60
Calculate (176 - 200) + (56 - (3 - -9)).
20
-8 + -42 + 103 + (-7 - (0 + 1)) + -4
41
-2 - (-2 + -13 + (18 - 4) + 25)
-26
What is the value of 0 - 6 - (-14 + 24 + -4 + -17 - 6)?
11
What is -22 - (-1 + -17 - ((-30 - -12) + 3 + 6))?
-13
350 + -318 + (2 - 19)
15
Calculate -764 + 786 - ((11 - -1) + 3) - (1 + 72).
-66
What is -6 - (16 - -31) - (5 + 2 - 11)?
-49
What is the value of (-41 - (25 - (4 - (6 + -10)))) + -3?
-61
2 + 1 + 46 - (-28 - -27) - (8 + -15)
57
Evaluate -73 + (-25 - -44) - -41.
-13
Calculate 59 + -130 - (-57 + 66).
-80
What is the value of 43 + -324 - (225 - 375)?
-131
Calculate 29 + -7 - 34 - 6 - 46.
-64
(14 - (-3 - -19)) + -50 - (-9 + 6)
-49
Calculate (39 - (160 - 83)) + (2 - 0).
-36
Evaluate -249 + 268 + (-1 - -63).
81
Evaluate 6 + 1 - (11 - (11 + -52 + -13 - 12)).
-70
27 + -8 - (41 - -39 - 34)
-27
-1 + 18 + 13 + 4 + -9
25
Evaluate -1 - -4 - 2 - (62 + -157 + 30).
66
(-46 - -15 - (35 + -18)) + (9 - 2)
-41
(-46 - 3) + (3 - (4 + -5) - (57 - 53))
-49
What is the value of (-175 - -79 - -136) + -48?
-8
Evaluate (-14 - (-38 + 14)) + (9 + 1 + -11 - 76).
-67
What is (2655 - 2592) + (37 - 2)?
98
Evaluate (6 - 9 - -5) + -5 - (35 + 1) - 6.
-45
Evaluate (67 - 122) + 20 - -23.
-12
What is the value of -16 + (-3 + 2 - -9) + 26 - (0 + -2)?
20
Calculate 28 + -34 - (1 - (8 - (4 - -5))).
-8
(1 - 0 - 5) + (-24 - (-2 + -33 - -19))
-12
Calculate (18 - -11) + 53 - 101.
-19
What is -15 + -26 + 92 + -19?
32
(-215 + 317 - (-6 + 1)) + (-17 - -26)
116
Evaluate -3 + (74 - (74 + -85)).
82
What is the value of (-4 - -8) + 1 + -5 - (-7 + -29)?
36
Calculate (-1 - -3 - 14) + -56 + 16 + 6.
-46
Calculate -4 + -19 + (2 - (-1 - (-2 + -7))).
-29
31 - (-26 + 45 + 5 + -19)
26
Evaluate (-54 + -30 - -17) + (17 - -3).
-47
79 + -2 + -8 + 15 + -16 + -4 + 10
74
Evaluate -21 + 18 + 2 + 2 + (-1 - (11 - 11)).
0
Calculate -14 + 18 - (2 - -12) - ((-38 - -44) + -17).
1
What is (-36 - -74) + 47 - 188?
-103
Evaluate (1342 - 1318) + (-3 - -3) + -31.
-7
Evaluate -1 + (-7 - (15 - 62)).
39
What is the value of 16 + -11 + -36 - (5 + -47)?
11
Calculate 14 - (-8 + (1 - -22) + -19).
18
Evaluate 1345 + -1308 - (0 - -40).
-3
What is the value of (-2 - (-5 + 6 + -8)) + 1 + 5 - -3?
14
What is the value of 17 + (-16 - -20 - -4) + -95?
-70
What is the value of (24 + -46 + (-7 - 2) - 1) + 0 + 9?
-23
Evaluate -19 + (-48 + 153 - 51).
35
What is the value of -23 + 48 + 40 - 34?
31
Calculate -3 + (-1 - (18 + 0)) - (-990 + 994).
-26
7 - (2 + -4 + -4 - (-73 - -63)) - -54
57
Calculate -69 + (-10 - (-10 + 2) - (11 + -11)) + 3.
-68
(-128 + 42 - -57) + 161
132
Calculate (-15 - 7 - (-62 - -59)) + -2 + -73.
-94
What is the value of 4 + 2 + 21 + -25 + -59 - -11?
-46
Calculate 10 -